{"id":283,"date":"2015-07-07T21:04:48","date_gmt":"2015-07-07T21:04:48","guid":{"rendered":"http:\/\/plafondlambris.com\/?page_id=283"},"modified":"2018-02-28T13:27:31","modified_gmt":"2018-02-28T13:27:31","slug":"lambris-bois-select","status":"publish","type":"page","link":"https:\/\/plafondlambris.com\/?page_id=283","title":{"rendered":"Lambris bois select"},"content":{"rendered":"<p><span style=\"font-family: helvetica, arial, sans-serif; font-size: 24pt;\">LAMBRIS EN FEUILLUS<\/span><\/p>\n<p>LAMBRIS PR\u00c9HUIL\u00c9ES &#8211; 1\/2&#8243; X 3 1\/2&#8243; X 8&#8242; ET\/OU 1\/2&#8243; X 5 1\/2&#8243; X 8&#8242;-\u00a0BOIS SELECT<br \/>\n<a href=\"https:\/\/plafondlambris.com\/wp-content\/uploads\/2015\/07\/lambris_feuillus_vjoint.jpg\"><img loading=\"lazy\" decoding=\"async\" class=\"alignleft wp-image-304 size-full\" src=\"https:\/\/plafondlambris.com\/wp-content\/uploads\/2015\/07\/lambris_feuillus_vjoint.jpg\" alt=\"lambris_feuillus_vjoint\" width=\"575\" height=\"203\" srcset=\"https:\/\/plafondlambris.com\/wp-content\/uploads\/2015\/07\/lambris_feuillus_vjoint.jpg 575w, https:\/\/plafondlambris.com\/wp-content\/uploads\/2015\/07\/lambris_feuillus_vjoint-300x106.jpg 300w\" sizes=\"auto, (max-width: 575px) 100vw, 575px\" \/><\/a><\/p>\n<p>&nbsp;<\/p>\n<p>&nbsp;<\/p>\n<p>&nbsp;<\/p>\n<p>&nbsp;<\/p>\n<p>&nbsp;<\/p>\n<p>Teint : 4,95 $ pied carr\u00e9 ou 1,44 $ pied lin\u00e9aire<br \/>\nClair : 3,45 $ pied carr\u00e9 ou 1,01 $ pied lin\u00e9aire<br \/>\nFini pr\u00e9verni : Ajouter 1,00 $ pied carr\u00e9 ou 0,29 $ pied lin\u00e9aire<br \/>\nD\u00e9veloppement de couleur : Ajouter 75.00 $<\/p>\n<p>Couleurs : Blanc tek 920, Promenade de nuit LR1260, Idaho, Rouge 1515, Black Jelly Bean 1504, Ch\u00eane fonc\u00e9 te1244, Chamois 1264,<br \/>\nBrun 1826, Blanc opaque, Nunavut1601, Sierra 1320, Gris souris 1385, Bl\u00fc 3114<\/p>\n<p>Prix sujet a changement sans pr\u00e9avis.<\/p>\n<p>D\u00e9lai de livraison : + \/ \u2013 2 semaines<br \/>\nCommande par t\u00e9l\u00e9copieur : 418.387.4431<br \/>\nou Courriel : <a href=\"mailto:info@plafondlambris.com\">info@plafondlambris.com<\/a><br \/>\nAcceptons<br \/>\n<a href=\"https:\/\/plafondlambris.com\/wp-content\/uploads\/2015\/07\/logo-visa-mastercard02.jpg\"><img loading=\"lazy\" decoding=\"async\" class=\"alignnone size-full wp-image-266\" src=\"https:\/\/plafondlambris.com\/wp-content\/uploads\/2015\/07\/logo-visa-mastercard02.jpg\" alt=\"logo-visa-mastercard02\" width=\"148\" height=\"53\" \/><\/a><\/p>\n","protected":false},"excerpt":{"rendered":"<p>LAMBRIS EN FEUILLUS LAMBRIS PR\u00c9HUIL\u00c9ES &#8211; 1\/2&#8243; X 3 1\/2&#8243; X 8&#8242; ET\/OU 1\/2&#8243; X 5 1\/2&#8243; X 8&#8242;-\u00a0BOIS SELECT &nbsp; &nbsp; &nbsp; &nbsp; &nbsp; Teint : 4,95 $ pied carr\u00e9 ou 1,44 $ pied lin\u00e9aire Clair : 3,45 $ pied carr\u00e9 ou 1,01 $ pied lin\u00e9aire Fini pr\u00e9verni : Ajouter 1,00 $ pied carr\u00e9 [&hellip;]<\/p>\n","protected":false},"author":1,"featured_media":0,"parent":0,"menu_order":0,"comment_status":"closed","ping_status":"closed","template":"page-full-width.php","meta":{"footnotes":""},"class_list":["post-283","page","type-page","status-publish","hentry"],"_links":{"self":[{"href":"https:\/\/plafondlambris.com\/index.php?rest_route=\/wp\/v2\/pages\/283","targetHints":{"allow":["GET"]}}],"collection":[{"href":"https:\/\/plafondlambris.com\/index.php?rest_route=\/wp\/v2\/pages"}],"about":[{"href":"https:\/\/plafondlambris.com\/index.php?rest_route=\/wp\/v2\/types\/page"}],"author":[{"embeddable":true,"href":"https:\/\/plafondlambris.com\/index.php?rest_route=\/wp\/v2\/users\/1"}],"replies":[{"embeddable":true,"href":"https:\/\/plafondlambris.com\/index.php?rest_route=%2Fwp%2Fv2%2Fcomments&post=283"}],"version-history":[{"count":4,"href":"https:\/\/plafondlambris.com\/index.php?rest_route=\/wp\/v2\/pages\/283\/revisions"}],"predecessor-version":[{"id":454,"href":"https:\/\/plafondlambris.com\/index.php?rest_route=\/wp\/v2\/pages\/283\/revisions\/454"}],"wp:attachment":[{"href":"https:\/\/plafondlambris.com\/index.php?rest_route=%2Fwp%2Fv2%2Fmedia&parent=283"}],"curies":[{"name":"wp","href":"https:\/\/api.w.org\/{rel}","templated":true}]}}